{"id":59,"date":"2020-06-01T11:34:37","date_gmt":"2020-06-01T09:34:37","guid":{"rendered":"http:\/\/www.siv-lessoc.ch\/?page_id=59"},"modified":"2021-02-08T23:13:03","modified_gmt":"2021-02-08T22:13:03","slug":"qui-sommes-nous","status":"publish","type":"page","link":"https:\/\/www.siv-lessoc.ch\/index.php\/qui-sommes-nous\/","title":{"rendered":"Qui sommes-nous?"},"content":{"rendered":"\n<div class=\"wp-block-group\"><div class=\"wp-block-group__inner-container is-layout-flow wp-block-group-is-layout-flow\">\n<p>Avec ses 63 membres, notre soci\u00e9t\u00e9 a pour buts la sauvegarde des int\u00e9r\u00eats des habitants de Lessoc, l&rsquo;encouragement d&rsquo;activit\u00e9s socio-culturelles, la mise en valeur du patrimoine, le maintien des traditions et la participation \u00e0 la promotion touristique.<\/p>\n<\/div><\/div>\n\n\n\n<figure class=\"wp-block-gallery columns-3 is-cropped wp-block-gallery-1 is-layout-flex wp-block-gallery-is-layout-flex\"><ul class=\"blocks-gallery-grid\"><li class=\"blocks-gallery-item\"><figure><img loading=\"lazy\" decoding=\"async\" width=\"1024\" height=\"768\" src=\"https:\/\/www.siv-lessoc.ch\/wp-content\/uploads\/2020\/06\/IMG_7805-1024x768.jpg\" alt=\"\" data-id=\"103\" data-link=\"https:\/\/www.siv-lessoc.ch\/index.php\/qui-sommes-nous\/img_7805\/\" class=\"wp-image-103\" srcset=\"https:\/\/www.siv-lessoc.ch\/wp-content\/uploads\/2020\/06\/IMG_7805-1024x768.jpg 1024w, https:\/\/www.siv-lessoc.ch\/wp-content\/uploads\/2020\/06\/IMG_7805-150x113.jpg 150w, https:\/\/www.siv-lessoc.ch\/wp-content\/uploads\/2020\/06\/IMG_7805-672x504.jpg 672w, https:\/\/www.siv-lessoc.ch\/wp-content\/uploads\/2020\/06\/IMG_7805-300x225.jpg 300w, https:\/\/www.siv-lessoc.ch\/wp-content\/uploads\/2020\/06\/IMG_7805-768x576.jpg 768w, https:\/\/www.siv-lessoc.ch\/wp-content\/uploads\/2020\/06\/IMG_7805-1536x1152.jpg 1536w, https:\/\/www.siv-lessoc.ch\/wp-content\/uploads\/2020\/06\/IMG_7805-2048x1536.jpg 2048w\" sizes=\"auto, (max-width: 1024px) 100vw, 1024px\" \/><\/figure><\/li><li class=\"blocks-gallery-item\"><figure><img loading=\"lazy\" decoding=\"async\" width=\"1024\" height=\"768\" src=\"https:\/\/www.siv-lessoc.ch\/wp-content\/uploads\/2020\/06\/IMG_7801-1024x768.jpg\" alt=\"\" data-id=\"104\" data-link=\"https:\/\/www.siv-lessoc.ch\/index.php\/qui-sommes-nous\/img_7801\/\" class=\"wp-image-104\" srcset=\"https:\/\/www.siv-lessoc.ch\/wp-content\/uploads\/2020\/06\/IMG_7801-1024x768.jpg 1024w, https:\/\/www.siv-lessoc.ch\/wp-content\/uploads\/2020\/06\/IMG_7801-150x113.jpg 150w, https:\/\/www.siv-lessoc.ch\/wp-content\/uploads\/2020\/06\/IMG_7801-672x504.jpg 672w, https:\/\/www.siv-lessoc.ch\/wp-content\/uploads\/2020\/06\/IMG_7801-300x225.jpg 300w, https:\/\/www.siv-lessoc.ch\/wp-content\/uploads\/2020\/06\/IMG_7801-768x576.jpg 768w, https:\/\/www.siv-lessoc.ch\/wp-content\/uploads\/2020\/06\/IMG_7801-1536x1152.jpg 1536w, https:\/\/www.siv-lessoc.ch\/wp-content\/uploads\/2020\/06\/IMG_7801-2048x1536.jpg 2048w\" sizes=\"auto, (max-width: 1024px) 100vw, 1024px\" \/><\/figure><\/li><li class=\"blocks-gallery-item\"><figure><img loading=\"lazy\" decoding=\"async\" width=\"1024\" height=\"768\" src=\"https:\/\/www.siv-lessoc.ch\/wp-content\/uploads\/2020\/06\/IMG_20171209_172530-1024x768.jpg\" alt=\"\" data-id=\"109\" data-link=\"https:\/\/www.siv-lessoc.ch\/index.php\/qui-sommes-nous\/img_20171209_172530\/\" class=\"wp-image-109\" srcset=\"https:\/\/www.siv-lessoc.ch\/wp-content\/uploads\/2020\/06\/IMG_20171209_172530-1024x768.jpg 1024w, https:\/\/www.siv-lessoc.ch\/wp-content\/uploads\/2020\/06\/IMG_20171209_172530-scaled-150x113.jpg 150w, https:\/\/www.siv-lessoc.ch\/wp-content\/uploads\/2020\/06\/IMG_20171209_172530-scaled-672x504.jpg 672w, https:\/\/www.siv-lessoc.ch\/wp-content\/uploads\/2020\/06\/IMG_20171209_172530-300x225.jpg 300w, https:\/\/www.siv-lessoc.ch\/wp-content\/uploads\/2020\/06\/IMG_20171209_172530-768x576.jpg 768w, https:\/\/www.siv-lessoc.ch\/wp-content\/uploads\/2020\/06\/IMG_20171209_172530-1536x1152.jpg 1536w, https:\/\/www.siv-lessoc.ch\/wp-content\/uploads\/2020\/06\/IMG_20171209_172530-2048x1536.jpg 2048w\" sizes=\"auto, (max-width: 1024px) 100vw, 1024px\" \/><\/figure><\/li><\/ul><\/figure>\n\n\n\n<p><\/p>\n","protected":false},"excerpt":{"rendered":"<p>Avec ses 63 membres, notre soci\u00e9t\u00e9 a pour buts la sauvegarde des int\u00e9r\u00eats des habitants de Lessoc, l&rsquo;encouragement d&rsquo;activit\u00e9s socio-culturelles, la mise en valeur du patrimoine, le maintien des traditions et la participation \u00e0 la promotion touristique.<\/p>\n","protected":false},"author":2,"featured_media":0,"parent":0,"menu_order":1,"comment_status":"closed","ping_status":"closed","template":"","meta":{"_uag_custom_page_level_css":"","footnotes":""},"class_list":["post-59","page","type-page","status-publish","hentry"],"uagb_featured_image_src":{"full":false,"thumbnail":false,"medium":false,"medium_large":false,"large":false,"elegant_blocks_team_1":false,"elegant_blocks_blog_1":false,"elegant_blocks_slider_1":false,"1536x1536":false,"2048x2048":false},"uagb_author_info":{"display_name":"Fran\u00e7ois Both","author_link":"https:\/\/www.siv-lessoc.ch\/index.php\/author\/jules\/"},"uagb_comment_info":0,"uagb_excerpt":"Avec ses 63 membres, notre soci\u00e9t\u00e9 a pour buts la sauvegarde des int\u00e9r\u00eats des habitants de Lessoc, l&rsquo;encouragement d&rsquo;activit\u00e9s socio-culturelles, la mise en valeur du patrimoine, le maintien des traditions et la participation \u00e0 la promotion touristique.","_links":{"self":[{"href":"https:\/\/www.siv-lessoc.ch\/index.php\/wp-json\/wp\/v2\/pages\/59","targetHints":{"allow":["GET"]}}],"collection":[{"href":"https:\/\/www.siv-lessoc.ch\/index.php\/wp-json\/wp\/v2\/pages"}],"about":[{"href":"https:\/\/www.siv-lessoc.ch\/index.php\/wp-json\/wp\/v2\/types\/page"}],"author":[{"embeddable":true,"href":"https:\/\/www.siv-lessoc.ch\/index.php\/wp-json\/wp\/v2\/users\/2"}],"replies":[{"embeddable":true,"href":"https:\/\/www.siv-lessoc.ch\/index.php\/wp-json\/wp\/v2\/comments?post=59"}],"version-history":[{"count":17,"href":"https:\/\/www.siv-lessoc.ch\/index.php\/wp-json\/wp\/v2\/pages\/59\/revisions"}],"predecessor-version":[{"id":525,"href":"https:\/\/www.siv-lessoc.ch\/index.php\/wp-json\/wp\/v2\/pages\/59\/revisions\/525"}],"wp:attachment":[{"href":"https:\/\/www.siv-lessoc.ch\/index.php\/wp-json\/wp\/v2\/media?parent=59"}],"curies":[{"name":"wp","href":"https:\/\/api.w.org\/{rel}","templated":true}]}}

<div class="wp-block-group"><div class="wp-block-group__inner-container is-layout-flow wp-block-group-is-layout-flow">
<p>Avec ses 63 membres, notre société a pour buts la sauvegarde des intérêts des habitants de Lessoc, l&rsquo;encouragement d&rsquo;activités socio-culturelles, la mise en valeur du patrimoine, le maintien des traditions et la participation à la promotion touristique.</p>
</div></div>



<figure class="wp-block-gallery columns-3 is-cropped wp-block-gallery-1 is-layout-flex wp-block-gallery-is-layout-flex"><ul class="blocks-gallery-grid"><li class="blocks-gallery-item"><figure><img loading="lazy" decoding="async" width="1024" height="768" src="https://www.siv-lessoc.ch/wp-content/uploads/2020/06/IMG_7805-1024x768.jpg" alt="" data-id="103" data-link="https://www.siv-lessoc.ch/index.php/qui-sommes-nous/img_7805/" class="wp-image-103" srcset="https://www.siv-lessoc.ch/wp-content/uploads/2020/06/IMG_7805-1024x768.jpg 1024w, https://www.siv-lessoc.ch/wp-content/uploads/2020/06/IMG_7805-150x113.jpg 150w, https://www.siv-lessoc.ch/wp-content/uploads/2020/06/IMG_7805-672x504.jpg 672w, https://www.siv-lessoc.ch/wp-content/uploads/2020/06/IMG_7805-300x225.jpg 300w, https://www.siv-lessoc.ch/wp-content/uploads/2020/06/IMG_7805-768x576.jpg 768w, https://www.siv-lessoc.ch/wp-content/uploads/2020/06/IMG_7805-1536x1152.jpg 1536w, https://www.siv-lessoc.ch/wp-content/uploads/2020/06/IMG_7805-2048x1536.jpg 2048w" sizes="auto, (max-width: 1024px) 100vw, 1024px" /></figure></li><li class="blocks-gallery-item"><figure><img loading="lazy" decoding="async" width="1024" height="768" src="https://www.siv-lessoc.ch/wp-content/uploads/2020/06/IMG_7801-1024x768.jpg" alt="" data-id="104" data-link="https://www.siv-lessoc.ch/index.php/qui-sommes-nous/img_7801/" class="wp-image-104" srcset="https://www.siv-lessoc.ch/wp-content/uploads/2020/06/IMG_7801-1024x768.jpg 1024w, https://www.siv-lessoc.ch/wp-content/uploads/2020/06/IMG_7801-150x113.jpg 150w, https://www.siv-lessoc.ch/wp-content/uploads/2020/06/IMG_7801-672x504.jpg 672w, https://www.siv-lessoc.ch/wp-content/uploads/2020/06/IMG_7801-300x225.jpg 300w, https://www.siv-lessoc.ch/wp-content/uploads/2020/06/IMG_7801-768x576.jpg 768w, https://www.siv-lessoc.ch/wp-content/uploads/2020/06/IMG_7801-1536x1152.jpg 1536w, https://www.siv-lessoc.ch/wp-content/uploads/2020/06/IMG_7801-2048x1536.jpg 2048w" sizes="auto, (max-width: 1024px) 100vw, 1024px" /></figure></li><li class="blocks-gallery-item"><figure><img loading="lazy" decoding="async" width="1024" height="768" src="https://www.siv-lessoc.ch/wp-content/uploads/2020/06/IMG_20171209_172530-1024x768.jpg" alt="" data-id="109" data-link="https://www.siv-lessoc.ch/index.php/qui-sommes-nous/img_20171209_172530/" class="wp-image-109" srcset="https://www.siv-lessoc.ch/wp-content/uploads/2020/06/IMG_20171209_172530-1024x768.jpg 1024w, https://www.siv-lessoc.ch/wp-content/uploads/2020/06/IMG_20171209_172530-scaled-150x113.jpg 150w, https://www.siv-lessoc.ch/wp-content/uploads/2020/06/IMG_20171209_172530-scaled-672x504.jpg 672w, https://www.siv-lessoc.ch/wp-content/uploads/2020/06/IMG_20171209_172530-300x225.jpg 300w, https://www.siv-lessoc.ch/wp-content/uploads/2020/06/IMG_20171209_172530-768x576.jpg 768w, https://www.siv-lessoc.ch/wp-content/uploads/2020/06/IMG_20171209_172530-1536x1152.jpg 1536w, https://www.siv-lessoc.ch/wp-content/uploads/2020/06/IMG_20171209_172530-2048x1536.jpg 2048w" sizes="auto, (max-width: 1024px) 100vw, 1024px" /></figure></li></ul></figure>



<p></p>

<p>Avec ses 63 membres, notre société a pour buts la sauvegarde des intérêts des habitants de Lessoc, l&rsquo;encouragement d&rsquo;activités socio-culturelles, la mise en valeur du patrimoine, le maintien des traditions et la participation à la promotion touristique.</p>

François Both

Avec ses 63 membres, notre société a pour buts la sauvegarde des intérêts des habitants de Lessoc, l&rsquo;encouragement d&rsquo;activités socio-culturelles, la mise en valeur du patrimoine, le maintien des traditions et la participation à la promotion touristique.
