{"id":82,"date":"2020-06-01T12:02:16","date_gmt":"2020-06-01T10:02:16","guid":{"rendered":"http:\/\/www.siv-lessoc.ch\/?page_id=82"},"modified":"2024-08-26T21:54:26","modified_gmt":"2024-08-26T19:54:26","slug":"les-membres-de-la-commission","status":"publish","type":"page","link":"https:\/\/www.siv-lessoc.ch\/index.php\/les-membres-de-la-commission\/","title":{"rendered":"Commission"},"content":{"rendered":"\n<p>Une commission ad hoc s&rsquo;occupe des sujets sp\u00e9cifiques (infrastructures locales, requ\u00eates aupr\u00e8s de la Commune, etc.).<\/p>\n\n\n\n<figure class=\"wp-block-table is-style-stripes\"><table><tbody><tr><td><strong>Jean-Pierre Currat<\/strong><\/td><td>jp.currat@gmail.com<br>079 448 43 52<\/td><\/tr><tr><td><strong>Philippe Galley<\/strong><\/td><td><\/td><\/tr><tr><td><strong>Yvan Fragni\u00e8re<\/strong><\/td><td><\/td><\/tr><tr><td><strong>Paul Jolliet<\/strong><\/td><td>paul.jolliet@gmail.com<br>079 863 13 73<\/td><\/tr><tr><td><strong>Boris Tercier<\/strong><\/td><td><\/td><\/tr><tr><td><\/td><td><\/td><\/tr><\/tbody><\/table><\/figure>\n\n\n\n<figure class=\"wp-block-gallery has-nested-images columns-default is-cropped wp-block-gallery-1 is-layout-flex wp-block-gallery-is-layout-flex\">\n<figure class=\"wp-block-image size-large\"><img loading=\"lazy\" decoding=\"async\" width=\"1000\" height=\"750\" data-id=\"128\" src=\"https:\/\/www.siv-lessoc.ch\/wp-content\/uploads\/2020\/06\/IMG_20190308_172533_b-1.jpg\" alt=\"\" class=\"wp-image-128\" srcset=\"https:\/\/www.siv-lessoc.ch\/wp-content\/uploads\/2020\/06\/IMG_20190308_172533_b-1.jpg 1000w, https:\/\/www.siv-lessoc.ch\/wp-content\/uploads\/2020\/06\/IMG_20190308_172533_b-1-150x113.jpg 150w, https:\/\/www.siv-lessoc.ch\/wp-content\/uploads\/2020\/06\/IMG_20190308_172533_b-1-672x504.jpg 672w, https:\/\/www.siv-lessoc.ch\/wp-content\/uploads\/2020\/06\/IMG_20190308_172533_b-1-300x225.jpg 300w, https:\/\/www.siv-lessoc.ch\/wp-content\/uploads\/2020\/06\/IMG_20190308_172533_b-1-768x576.jpg 768w\" sizes=\"auto, (max-width: 1000px) 100vw, 1000px\" \/><\/figure>\n\n\n\n<figure class=\"wp-block-image size-large\"><img loading=\"lazy\" decoding=\"async\" width=\"1024\" height=\"768\" data-id=\"127\" src=\"https:\/\/www.siv-lessoc.ch\/wp-content\/uploads\/2020\/06\/IMG_20200429_180829-1-1024x768.jpg\" alt=\"\" class=\"wp-image-127\" srcset=\"https:\/\/www.siv-lessoc.ch\/wp-content\/uploads\/2020\/06\/IMG_20200429_180829-1-1024x768.jpg 1024w, https:\/\/www.siv-lessoc.ch\/wp-content\/uploads\/2020\/06\/IMG_20200429_180829-1-scaled-150x113.jpg 150w, https:\/\/www.siv-lessoc.ch\/wp-content\/uploads\/2020\/06\/IMG_20200429_180829-1-scaled-672x504.jpg 672w, https:\/\/www.siv-lessoc.ch\/wp-content\/uploads\/2020\/06\/IMG_20200429_180829-1-300x225.jpg 300w, https:\/\/www.siv-lessoc.ch\/wp-content\/uploads\/2020\/06\/IMG_20200429_180829-1-768x576.jpg 768w, https:\/\/www.siv-lessoc.ch\/wp-content\/uploads\/2020\/06\/IMG_20200429_180829-1-1536x1152.jpg 1536w, https:\/\/www.siv-lessoc.ch\/wp-content\/uploads\/2020\/06\/IMG_20200429_180829-1-2048x1536.jpg 2048w\" sizes=\"auto, (max-width: 1024px) 100vw, 1024px\" \/><\/figure>\n<figcaption class=\"blocks-gallery-caption wp-element-caption\">Un passage dangereux, maintenant s\u00e9curis\u00e9 par la Commune<\/figcaption><\/figure>\n\n\n\n<p><\/p>\n","protected":false},"excerpt":{"rendered":"<p>Une commission ad hoc s&rsquo;occupe des sujets sp\u00e9cifiques (infrastructures locales, requ\u00eates aupr\u00e8s de la Commune, etc.). Jean-Pierre Curratjp.currat@gmail.com079 448 43 52Philippe GalleyYvan Fragni\u00e8rePaul Jollietpaul.jolliet@gmail.com079 863 13 73Boris Tercier<\/p>\n","protected":false},"author":2,"featured_media":0,"parent":0,"menu_order":3,"comment_status":"closed","ping_status":"closed","template":"","meta":{"_uag_custom_page_level_css":"","footnotes":""},"class_list":["post-82","page","type-page","status-publish","hentry"],"uagb_featured_image_src":{"full":false,"thumbnail":false,"medium":false,"medium_large":false,"large":false,"elegant_blocks_team_1":false,"elegant_blocks_blog_1":false,"elegant_blocks_slider_1":false,"1536x1536":false,"2048x2048":false},"uagb_author_info":{"display_name":"Fran\u00e7ois Both","author_link":"https:\/\/www.siv-lessoc.ch\/index.php\/author\/jules\/"},"uagb_comment_info":0,"uagb_excerpt":"Une commission ad hoc s&rsquo;occupe des sujets sp\u00e9cifiques (infrastructures locales, requ\u00eates aupr\u00e8s de la Commune, etc.). Jean-Pierre Curratjp.currat@gmail.com079 448 43 52Philippe GalleyYvan Fragni\u00e8rePaul Jollietpaul.jolliet@gmail.com079 863 13 73Boris Tercier","_links":{"self":[{"href":"https:\/\/www.siv-lessoc.ch\/index.php\/wp-json\/wp\/v2\/pages\/82","targetHints":{"allow":["GET"]}}],"collection":[{"href":"https:\/\/www.siv-lessoc.ch\/index.php\/wp-json\/wp\/v2\/pages"}],"about":[{"href":"https:\/\/www.siv-lessoc.ch\/index.php\/wp-json\/wp\/v2\/types\/page"}],"author":[{"embeddable":true,"href":"https:\/\/www.siv-lessoc.ch\/index.php\/wp-json\/wp\/v2\/users\/2"}],"replies":[{"embeddable":true,"href":"https:\/\/www.siv-lessoc.ch\/index.php\/wp-json\/wp\/v2\/comments?post=82"}],"version-history":[{"count":26,"href":"https:\/\/www.siv-lessoc.ch\/index.php\/wp-json\/wp\/v2\/pages\/82\/revisions"}],"predecessor-version":[{"id":1676,"href":"https:\/\/www.siv-lessoc.ch\/index.php\/wp-json\/wp\/v2\/pages\/82\/revisions\/1676"}],"wp:attachment":[{"href":"https:\/\/www.siv-lessoc.ch\/index.php\/wp-json\/wp\/v2\/media?parent=82"}],"curies":[{"name":"wp","href":"https:\/\/api.w.org\/{rel}","templated":true}]}}

<p>Une commission ad hoc s&rsquo;occupe des sujets spécifiques (infrastructures locales, requêtes auprès de la Commune, etc.).</p>



<figure class="wp-block-table is-style-stripes"><table><tbody><tr><td><strong>Jean-Pierre Currat</strong></td><td>jp.currat@gmail.com<br>079 448 43 52</td></tr><tr><td><strong>Philippe Galley</strong></td><td></td></tr><tr><td><strong>Yvan Fragnière</strong></td><td></td></tr><tr><td><strong>Paul Jolliet</strong></td><td>paul.jolliet@gmail.com<br>079 863 13 73</td></tr><tr><td><strong>Boris Tercier</strong></td><td></td></tr><tr><td></td><td></td></tr></tbody></table></figure>



<figure class="wp-block-gallery has-nested-images columns-default is-cropped wp-block-gallery-1 is-layout-flex wp-block-gallery-is-layout-flex">
<figure class="wp-block-image size-large"><img loading="lazy" decoding="async" width="1000" height="750" data-id="128" src="https://www.siv-lessoc.ch/wp-content/uploads/2020/06/IMG_20190308_172533_b-1.jpg" alt="" class="wp-image-128" srcset="https://www.siv-lessoc.ch/wp-content/uploads/2020/06/IMG_20190308_172533_b-1.jpg 1000w, https://www.siv-lessoc.ch/wp-content/uploads/2020/06/IMG_20190308_172533_b-1-150x113.jpg 150w, https://www.siv-lessoc.ch/wp-content/uploads/2020/06/IMG_20190308_172533_b-1-672x504.jpg 672w, https://www.siv-lessoc.ch/wp-content/uploads/2020/06/IMG_20190308_172533_b-1-300x225.jpg 300w, https://www.siv-lessoc.ch/wp-content/uploads/2020/06/IMG_20190308_172533_b-1-768x576.jpg 768w" sizes="auto, (max-width: 1000px) 100vw, 1000px" /></figure>



<figure class="wp-block-image size-large"><img loading="lazy" decoding="async" width="1024" height="768" data-id="127" src="https://www.siv-lessoc.ch/wp-content/uploads/2020/06/IMG_20200429_180829-1-1024x768.jpg" alt="" class="wp-image-127" srcset="https://www.siv-lessoc.ch/wp-content/uploads/2020/06/IMG_20200429_180829-1-1024x768.jpg 1024w, https://www.siv-lessoc.ch/wp-content/uploads/2020/06/IMG_20200429_180829-1-scaled-150x113.jpg 150w, https://www.siv-lessoc.ch/wp-content/uploads/2020/06/IMG_20200429_180829-1-scaled-672x504.jpg 672w, https://www.siv-lessoc.ch/wp-content/uploads/2020/06/IMG_20200429_180829-1-300x225.jpg 300w, https://www.siv-lessoc.ch/wp-content/uploads/2020/06/IMG_20200429_180829-1-768x576.jpg 768w, https://www.siv-lessoc.ch/wp-content/uploads/2020/06/IMG_20200429_180829-1-1536x1152.jpg 1536w, https://www.siv-lessoc.ch/wp-content/uploads/2020/06/IMG_20200429_180829-1-2048x1536.jpg 2048w" sizes="auto, (max-width: 1024px) 100vw, 1024px" /></figure>
<figcaption class="blocks-gallery-caption wp-element-caption">Un passage dangereux, maintenant sécurisé par la Commune</figcaption></figure>



<p></p>

<p>Une commission ad hoc s&rsquo;occupe des sujets spécifiques (infrastructures locales, requêtes auprès de la Commune, etc.). Jean-Pierre Curratjp.currat@gmail.com079 448 43 52Philippe GalleyYvan FragnièrePaul Jollietpaul.jolliet@gmail.com079 863 13 73Boris Tercier</p>

François Both

Une commission ad hoc s&rsquo;occupe des sujets spécifiques (infrastructures locales, requêtes auprès de la Commune, etc.). Jean-Pierre Curratjp.currat@gmail.com079 448 43 52Philippe GalleyYvan FragnièrePaul Jollietpaul.jolliet@gmail.com079 863 13 73Boris Tercier
